2 + 362659?
362467
In base 9, what is 44470814 - -4?
44470818
In base 2, what is -101 - 1100100100000111110010010?
-1100100100000111110010111
In base 6, what is -31414 + -21005?
-52423
In base 6, what is -403 + 3002425?
3002022
In base 11, what is -3 + -a0a264?
-a0a267
In base 14, what is 3 - 78625d?
-78625a
In base 2, what is -11011011 + 101000010100100001?
101000010001000110
In base 12, what is -13972 + 1279?
-126b5
In base 13, what is -368 + 9185c?
914c4
In base 13, what is 23 - 25735c?
-257339
In base 14, what is -4 + 1611396?
1611392
In base 12, what is -a8a5150 - 0?
-a8a5150
In base 9, what is 5 + 24065047?
24065053
In base 13, what is 107 - 1535a4?
-15349a
In base 16, what is 34add - 42?
34a9b
In base 10, what is -7007 + -529?
-7536
In base 8, what is 61 + -51135?
-51054
In base 9, what is -3206 + -211321?
-214527
In base 8, what is -2214 - -61221?
57005
In base 5, what is -14220 + -113203000?
-113222220
In base 7, what is -144431040 - -22?
-144431015
In base 4, what is 23 + -13003201100?
-13003201011
In base 12, what is -3bb + -36551?
-36950
In base 7, what is -10652 + -401203?
-412155
In base 8, what is -14605154 + -245?
-14605421
In base 9, what is -23718333 + 12?
-23718321
In base 14, what is -1 - -704862?
704861
In base 8, what is -64720 + 66656?
1736
In base 8, what is 53326 - 106125?
-32577
In base 15, what is -128c76 + 1c?
-128c59
In base 15, what is -43d160 - 2?
-43d162
In base 11, what is 7174228 - 5?
7174223
In base 9, what is -28365 - -136?
-28228
In base 4, what is 221031320301 + 10?
221031320311
In base 2, what is -100011010 + -101010000?
-1001101010
In base 4, what is -13 - 331331223?
-331331302
In base 14, what is a6442 - d36?
a550a
In base 2, what is 100000100100011000 + -11101000?
100000100000110000
In base 4, what is -3 + 223122221032?
223122221023
In base 12, what is -208013 + -26?
-208039
In base 7, what is 6 + 64312062?
64312101
In base 9, what is 1440 + -1187562?
-1186122
In base 14, what is -ab4a20d + 3?
-ab4a20a
In base 2, what is 1 - 101000010101011100110011?
-101000010101011100110010
In base 8, what is 11 - 53020746?
-53020735
In base 8, what is 11 + 435672015?
435672026
In base 6, what is 110542053525 + -1?
110542053524
In base 2, what is -10100100001010111 + -11101?
-10100100001110100
In base 11, what is -126 - 173173?
-173299
In base 15, what is 4b9 - 23e1?
-1e27
In base 12, what is -3a6 + -315?
-6bb
In base 4, what is 1310012313222 - 10?
1310012313212
In base 8, what is 1474 + -266514?
-265020
In base 5, what is 1 - 11131013230?
-11131013224
In base 2, what is -100 + -1000110111010011000001000?
-1000110111010011000001100
In base 16, what is 16b2ecb8 + 1?
16b2ecb9
In base 6, what is -24232 + 311223?
242551
In base 6, what is -5 - -243304055?
243304050
In base 7, what is 56 + -2262452?
-2262363
In base 4, what is 10201112 - -232031?
11033203
In base 11, what is -78 - 5a4988?
-5a4a55
In base 4, what is -11311320 - 10320?
-11322300
In base 4, what is -32 + 1132023020?
1132022322
In base 14, what is 37189 + -1d?
3716a
In base 6, what is -13 - -4245324?
4245311
In base 7, what is 466 + -11002235?
-11001436
In base 12, what is 2 + -146b2084?
-146b2082
In base 16, what is -c + -19e526?
-19e532
In base 8, what is 133255 - 25562?
105473
In base 4, what is -101200 + -10131101?
-10232301
In base 2, what is 1100100101101011000001 - -10?
1100100101101011000011
In base 9, what is -2 - 5434501?
-5434503
In base 15, what is -3 - 164e8d?
-164e91
In base 14, what is -4 + d65240?
d6523a
In base 11, what is 2171387 + 1?
2171388
In base 14, what is -5 + 492021?
49201a
In base 15, what is -624b4b - -5?
-624b46
In base 12, what is 3 - b07a35?
-b07a32
In base 6, what is 354320041 + 2?
354320043
In base 6, what is 43344125 + -241?
43343444
In base 13, what is -36188 - -13a4?
-34ab4
In base 9, what is -110722 - 1061?
-111783
In base 13, what is -863301 - 38?
-863339
In base 6, what is -1 - 2021522514?
-2021522515
In base 3, what is 11010100020 + -12102?
11010010211
In base 4, what is -312 - -120010200?
120003222
In base 7, what is 0 - 15011423?
-15011423
In base 4, what is 1213202332 + 2?
1213203000
In base 16, what is -e16 - 295d?
-3773
In base 9, what is -65432314 + 17?
-65432286
In base 12, what is 23096 + -3104?
1bb92
In base 11, what is -9 + -2426988?
-2426996
In base 5, what is -3113233443 - -111?
-3113233332
In base 12, what is 17451 - 115?
17338
In base 12, what is 40146 - -1?
40147
In base 12, what is -5 - -3485483a?
34854835
In base 8, what is -1414767 + -4?
-1414773
In base 14, what is -3d9a958 - -5?
-3d9a953
In base 13, what is 45ccc9 + -2?
45ccc7
In base 7, what is -5 + 45455650?
45455642
In base 5, what is -1224230011 + -10?
-1224230021
In base 16, what is -1065bfe - 5?
-1065c03
In base 9, what is 8 - -152215?
152224
In base 6, what is 123430110 + 11?
123430121
In base 15, what is d6971 + 2?
d6973
In base 6, what is 1344331 - 22434?
1321453
In base 3, what is 2011 + -2102220210212?
-2102220201201
In base 13, what is -230b1 - 12750?
-35831
In base 4, what is -30 + 220102111?
220102021
In base 2, what is 100101110111 + -10110011001110?
-10001101010111
In base 11, what is -191797 + -19a?
-191986
In base 15, what is 1310980 - -10?
1310990
In base 13, what is -1650 - 2725?
-4075
In base 3, what is 210001211102100212 - 11?
210001211102100201
In base 6, what is -33502040202 - 0?
-33502040202
In base 11, what is 595087 + 3a2?
595479
In base 13, what is -7cc + -c48a?
-cc89
In base 12, what is 1b000 + 3411?
22411
In base 2, what is 1110 - -1111110010001010000100?
1111110010001010010010
In base 15, what is 2792d8c + -1?
2792d8b
In base 4, what is -112230212212 + 10?
-112230212202
In base 10, what is -3965 - 46858?
-50823
In base 13, what is 14 - -79ac?
79c3
In base 11, what is -131483015 + 1?
-131483014
In base 7, what is 205335165 + -33?
205335132
In base 16, what is 10ceaf - 11?
10ce9e
In base 14, what is -1ac259 + 84?
-1ac1b5
In base 10, what is 60 + 4835?
4895
In base 16, what is -89c738 + 1?
-89c737
In base 14, what is -254 - -da3c?
d7c8
In base 16, what is 7 + -151b36?
-151b2f
In base 15, what is -b4e2 + 112?
-b3d0
In base 14, what is -1d - 7ba04?
-7ba23
In base 2, what is -100 + 111110100001100010011111?
111110100001100010011011
In base 3, what is 12 - -12112101012202?
12112101012221
In base 12, what is -4 - 1b0b08?
-1b0b10
In base 14, what is -68019 - -52?
-67da7
In base 7, what is -16524 - -2453?
-14041
In base 2, what is 10 - 11011001101010001100?
-11011001101010001010
In base 6, what is 35 + -1433523?
-1433444
In base 9, what is -1024 + -17221?
-18245
In base 6, what is -215350553 + -105?
-215351102
In base 4, what is -3110132130 + -120?
-3110132310
In base 12, what is -5562 - -b4?
-546a
In base 7, what is 12423206 - -541?
12424050
In base 14, what is 0 + cb1527?
cb1527
In base 9, what is 6188873 + 3?
6188876
In base 3, what is -1211210121 + -110021?
-1212020212
In base 6, what is 201534 + 51?
202025
In base 9, what is -67078 + 366?
-66612
In base 6, what is 125 + 1013444?
1014013
In base 14, what is 0 + -10b8d512?
-10b8d512
In base 9, what is -815 - 366361?
-367276
In base 16, what is -8 + 39017?
3900f
In base 13, what is 422b71 + 6b?
422c0c
In base 16, what is -2 - 9fa846?
-9fa848
In base 2, what is -11 + 1011000011100010001101100?
1011000011100010001101001
In base 9, what is -824 - 55432?
-56356
In base 9, what is -2112 + 14281?
12168
In base 2, what is -1110111010011 + 100000001101?
-1010111000110
In base 13, what is -aca7 + -179?
-b153
In base 12, what is aa8 + 10512b?
106017
In base 2, what is -11010010011011011 + 100101?
-11010010010110110
In base 8, what is 0 + 474115075?
474115075
In base 9, what is -137456053 + 0?
-137456053
In base 9, what is -6 + 44780?
44773
In base 14, what is -3 + -10ad9b7?
-10ad9ba
In base 8, what is -1466 - 1302402?
-1304070
In base 9, what is -1180 + -211626?
-212816
In base 2, what is -110110000 + -10110000011010110?
-10110001010000110
In base 11, what is -23a6349 + -9?
-23a6357
In base 13, what is 14b54 + -bc?
14a65
In base 5, what is -4022 + -1042013?
-1101040
In base 11, what is 704499 - -73?
704561
In base 9, what is -563048266 - -1?
-563048265
In base 15, what is -ae4a8 - 12?
-ae4ba
In base 6, what is -11 - -24201232?
24201221
In base 14, what is -70d3d4 + 6?
-70d3cc
In bas